. List the prime factors of x(-6).
2, 7, 13
Let h = 215 - 104. Suppose -8*q + h + 121 = 0. List the prime factors of q.
29
What are the prime factors of (-4)/6 + (-109478)/(-201)?
2, 17
Suppose 25*q - 27*q + 16 = 0. Suppose q*f + 15 = 13*f. Suppose -4*a = -4*z - 228, f*a + 3*z - 207 = -a. What are the prime factors of a?
2, 3
Let x be 8/(-6)*12/(-8). Let m be 3/(-6) - (-9)/x. Suppose -33 - m = -g. List the prime factors of g.
37
Let u(d) = 12*d**2 + 10*d**2 - 23*d**2 + 20 - 26*d. List the prime factors of u(-12).
2, 47
Let q(l) = l**3 + 5*l**2 + 6*l + 6. Let t be q(-4). Let v be (16 - t) + (0 - -3). What are the prime factors of (-4)/(-14) - (-183)/v?
3
Let v = 61 + 176. Suppose 188 + v = -w. List the prime factors of (4/10)/((-17)/w).
2, 5
Suppose 30 = 2*s - z - 4*z, -2*s = 3*z - 14. Suppose 3*q = 5*q + 4*d + 14, 5*d + s = 0. List the prime factors of 12 + (-3)/q*-1.
11
Suppose -2*u + 12 = 5*m, 3*u = 2*u - 4. Suppose 5*o = -4*v + 685, 0 = -m*v - 4*o + 248 + 436. What are the prime factors of (-1)/4 + v/8?
3, 7
Suppose 13 - 1 = 4*k. List the prime factors of k*(-73)/(-6)*2.
73
List the prime factors of 4 + 226*(0 - 3/(-6)).
3, 13
Let k = 13 + -4. Let z be (1 - -26) + 1 + -1. Suppose -2*p + k = -z. What are the prime factors of p?
2, 3
Let n(g) = g**3 - 12*g**2 + 12*g - 8. Let t be n(11). Suppose 0*a - 4*z + 86 = 3*a, -72 = -3*a + t*z. What are the prime factors of a?
2, 13
Let q = 4411 - 2339. List the prime factors of q.
2, 7, 37
Suppose 0 = -7*t + 9*t - 14. Let v = 55 + t. What are the prime factors of v?
2, 31
Suppose -4*w = -v + 454, 4*v - 2287 = -v + 3*w. List the prime factors of v.
2, 229
Let d be (82/(-8))/((-2)/16). Suppose -4*i = 10 - d. Suppose y - 12 = 2*q + i, q = -y + 18. What are the prime factors of y?
2, 11
Let p(c) = 8*c**2 - 19*c + 22. Let q(s) = -7*s**2 + 18*s - 21. Let t(w) = -6*p(w) - 7*q(w). Let y be t(10). Let m(f) = -3*f + 3. List the prime factors of m(y).
2, 3
Suppose 48326 = 70*c + 3*c. List the prime factors of c.
2, 331
List the prime factors of (-2)/3 - (-1384)/6.
2, 5, 23
Let k = 4031 - 2238. What are the prime factors of k?
11, 163
Suppose 1567 = 7*n - 1002. What are the prime factors of n?
367
Let j(s) = -s**2 - 59*s - 148. What are the prime factors of j(-47)?
2, 13
What are the prime factors of (-366)/(-4) + 24/(-48) + 2?
3, 31
Let s = -267 - -845. What are the prime factors of s?
2, 17
What are the prime factors of (4 - (-30)/(-6)) + 702 - 7?
2, 347
Suppose -4*o = -3*g + 6001, -2*g = 2*g + 4*o - 7992. What are the prime factors of g?
1999
Let z(l) = 7*l**3 - 5*l**2 - 11*l - 5. List the prime factors of z(6).
13, 97
Suppose 0 = 2*j - 3*j - 4. Let b(t) = -t**3 - 3*t**2 - t + 2. Let z be b(j). Suppose 5*y - 31 = 2*h + z, 4*y + 4*h = 48. What are the prime factors of y?
11
Suppose -7*p + 4*p = -4*b - 1455, -5*b - 485 = -p. List the prime factors of p.
5, 97
Let n be ((-54)/(-15))/(6/40). Let q(w) = 4*w**2 - 6. Let z be q(3). Let j = z - n. What are the prime factors of j?
2, 3
Let c(v) = v**2 - v. Let i be c(0). Let p(n) = 2*n**2 + i*n + 5 + 0*n + 6*n - 4. List the prime factors of p(-6).
37
Let r(f) = -2*f**2 - 3*f - 3. Let m be r(-1). What are the prime factors of (1 + 3/m)/(21/(-2898))?
3, 23
Suppose 4*z = 20, -3*u = u - 4*z. Suppose 9 - 69 = u*n. Let b = -6 - n. What are the prime factors of b?
2, 3
Suppose -3*o - 3756 = -h, 5*h + 4856 = o + 23580. What are the prime factors of h?
2, 3, 13
Let t = 0 - -2. What are the prime factors of (0 + -93)/(t/(-2))?
3, 31
Suppose -8*n = 16*n - 144. List the prime factors of n.
2, 3
Suppose r + 1 = 3. Let z(a) = a**2 - 9*a + 3. Let t be z(9). Let n = t + r. What are the prime factors of n?
5
Let f = 22 - 15. Suppose -12*j = -f*j - 300. List the prime factors of j.
2, 3, 5
Let a = 4 + -5. Let n be ((-10)/(-15))/(a/(-3)). Suppose 44 = -n*p + 4*p. List the prime factors of p.
2, 11
What are the prime factors of (-10)/(-2)*(-102)/(-6)?
5, 17
Suppose 0 = 6*c - 5*c + 3*i - 55, -2*c - 3*i = -119. List the prime factors of (5 + -7 - (2 - 1)) + c.
61
Let x(c) = -c**2 + 72. Let a be x(0). Let n be a*(0 - (-16)/6). Suppose 7*p - 3*p = n. List the prime factors of p.
2, 3
What are the prime factors of 1*156*(54/4)/9?
2, 3, 13
List the prime factors of 6979/(-14)*(-1 + -1).
997
Let z be 52/(-65)*(-5)/2. Let h(u) = u - u + u + z*u. What are the prime factors of h(9)?
3
Let a = 25 - 18. Suppose 2*m + a*m = 810. What are the prime factors of m?
2, 3, 5
Suppose -5*t - 3*x = -117, -4*t + 95*x = 100*x - 91. What are the prime factors of t?
2, 3
Let y(w) = -w**2 - 13*w + 16. Suppose 2*i - 92 = -2*i + v, 4*i = 2*v + 92. Let q = 12 - i. What are the prime factors of y(q)?
2, 19
Suppose 13*o = 14*o - 2. Suppose 0 = o*u + 18 - 28. Suppose -3*x = 5*a - 73, 5*a - u*x + 2 = 67. List the prime factors of a.
2, 7
Let p be 3/1*1/1. Suppose q = -3*q + 5*c + 132, 0 = p*q + c - 80. Let b = -23 + q. What are the prime factors of b?
5
Let a be -4 - (-2)/(-2)*-8. Suppose -a*c + 21 + 3 = 0. What are the prime factors of c?
2, 3
Suppose 16 = -3*p + 5*h - 106, -p = 3*h + 64. Let q(t) = -6*t**2. Let v be q(2). Let w = v - p. List the prime factors of w.
5
Let u = 12 - 12. Suppose 0 = 4*j - 4*g - 28, u = j - 4*g + 2*g - 11. Suppose 0 = -o + 3*m + 34, -o - j*m - 146 = -6*o. List the prime factors of o.
2, 7
Let u(x) = x**3 - 2*x. Let y be u(2). Let o = 41 - 17. Suppose -y*d = -d - o. List the prime factors of d.
2
Suppose 53 = 5*c - m, 5*c + 2 = -5*m + 37. Let l(b) = 4*b - 12. Let d be l(c). Suppose -d = v - 5*v. List the prime factors of v.
7
Suppose -6*d = -10*d + 8. Suppose -t + 3*t = -10, -200 = -d*k - 4*t. What are the prime factors of k?
2, 5, 11
Let a be (-125)/(-20) + (-1)/4. Let d = a - 0. Let h = d - -16. What are the prime factors of h?
2, 11
Let q(l) = -l**3 + 50*l**2 - 318*l - 56. List the prime factors of q(42).
2, 5, 7
Let c(k) = -60*k**2 + 4*k - 13. Let l(x) = -90*x**2 + 6*x - 20. Let j(p) = -8*c(p) + 5*l(p). List the prime factors of j(2).
2, 3, 5
Suppose d + 36 = 5*d. Let l be (-36)/162 - (-47)/d. Suppose 0 = -l*f - 3 + 48. What are the prime factors of f?
3
Suppose 4*o - 83 - 17 = 0. Suppose 10 = 5*k - 0. Let h = o + k. What are the prime factors of h?
3
Let v(a) be the third derivative of a**5/60 + a**4/4 + 3*a**3/2 - 3*a**2. Let n be v(-2). List the prime factors of n/3 + (-220)/(-15).
3, 5
Let o = 5 + -13. Let g(z) = z**2 - 2*z + 7. Let x(v) = v**2 + v. Let i(c) = -g(c) + 2*x(c). List the prime factors of i(o).
5
Let x = 39 + 18. Suppose -o - 10 + x = 0. List the prime factors of o.
47
Suppose -21*m = -4020 - 1839. List the prime factors of m.
3, 31
Let z(w) = -w**3 - 5*w**2 + 3*w - 1. Let s be -1 + 0/(-1) + 32/(-4). What are the prime factors of z(s)?
2, 37
Let i(d) = 2*d + 1. Let f be i(-4). Let w(t) = 9*t**2 + 13*t + t**3 - 1 - 4*t + 9. What are the prime factors of w(f)?
43
Let a(s) = -2*s**2 - 3*s + 16. Let j be a(6). Let r = 120 + j. List the prime factors of r.
2, 23
Let t be -1 + 66 + -7 + 4. Suppose 3*d - 141 = -3*k, -4*k + t = d - 0*k. What are the prime factors of d?
2, 3, 7
Let a = 49 - 65. What are the prime factors of a/32 + (-69)/(-2)?
2, 17
Suppose -16*u + 42 = -14*u. Suppose -460 = u*g - 25*g. What are the prime factors of g?
5, 23
Suppose 0 = -6*v + 1311 + 3267. What are the prime factors of v?
7, 109
Let j(r) = 41*r**2 - 3*r - 2. Let k be j(3). Suppose 0 = -4*v - 5*m + 922 - 266, -2*v = -5*m - k. What are the prime factors of v?
13
Let v(x) = -74*x + 87. List the prime factors of v(0).
3, 29
List the prime factors of 19/(19/(-6)) + 334.
2, 41
Let v be 1 + 0 + 3 + 395. Suppose 5*h - 131 - v = 0. List the prime factors of h.
2, 53
Let l = -60 - -60. Suppose l = 5*v - 8*v + 366. What are the prime factors of v?
2, 61
Let a = -67 + 442. Let t(n) = n - 2. Let m be t(-6). List the prime factors of a/20 - 2/m.
19
List the prime factors of (0 + -10605)*(-5 - 154/(-33)).
5, 7, 101
Let r = 2416 - 943. What are the prime factors of r?
3, 491
List the prime factors of 3*56*(20 + -28)*-4.
2, 3, 7
Let g be (-4)/(-1) + (2 - 2). Suppose -g*d - v = -42, -2*d = -v - 19 + 1. What are the prime factors of d?
2, 5
Let d be 0 + -5 + 3 - -4. Suppose 5*n - d*n = 15. Suppose -n = 2*z - 67. What are the prime factors of z?
31
Let q = -10 + 14. What are the prime factors of 50 + -2*(q + -3)?
